 196*o**2 + 208*o - 1067. Determine r(99).
-77
Let j(u) = 116*u**3 + 45*u**2 - 14*u + 13. Determine j(2).
1093
Let o(b) = -2291*b**2 + 7*b - 3. Give o(0).
-3
Let r(o) = -o**3 - 2426*o**2 + 21663*o - 613617. Calculate r(-2435).
3
Let p(y) = 755*y - 28393. What is p(38)?
297
Let o(j) = 2296*j - 714102. Calculate o(311).
-46
Let b(x) = -106120*x + 848949. Determine b(8).
-11
Let q(u) = -5*u**2 - 32*u + 282. What is q(5)?
-3
Let q(t) = 224*t**2 + 7806*t - 10. Give q(-35).
1180
Let x(m) = -267*m**3 + 19*m**2 - 26*m - 2. What is x(2)?
-2114
Let c(f) = 41*f**2 - 5572*f + 31440. Determine c(130).
-20
Let d(l) = 41*l**2 + 85*l + 119. Determine d(-3).
233
Let z(o) = o**2 + 2297*o + 513548. Give z(-251).
2
Let f(g) = -347*g**2 - 3491*g - 206. Calculate f(-10).
4
Let h(g) = 2*g**2 + 64*g - 828. Give h(9).
-90
Let h(i) = -3640*i**2 + 10865*i + 166. Give h(3).
1
Let l(o) = -28*o**2 - 306*o - 2036. Calculate l(-7).
-1266
Let v(f) = -29*f**2 + 60974*f + 60974. Give v(-1).
-29
Let p(f) = -2965*f - 234262. What is p(-79)?
-27
Let j(x) = 2*x**2 + 194*x + 2830. Give j(-77).
-250
Let g(b) = 39*b**2 + 11*b - 158. Determine g(0).
-158
Let x(l) = -6543*l - 40965. What is x(-6)?
-1707
Let f(i) = i**3 + 564*i**2 - 10451*i + 14613. Determine f(-582).
63
Let u(i) = 4*i**2 - 12*i + 292. Give u(10).
572
Let b(j) = 2*j**3 + 3*j**2 + 114*j - 183. Give b(9).
2544
Let u(i) = -3*i**3 - 48*i**2 + 48*i + 57. Calculate u(-17).
108
Let j(c) = -c**2 + 103*c + 460. What is j(-4)?
32
Let r(d) = 2574*d + 25729. Give r(-10).
-11
Let s(j) = j**3 + 67*j**2 + 1091*j - 442. Determine s(-32).
486
Let q(j) = 2*j**2 + 85*j - 2679. What is q(21)?
-12
Let q(n) = n**3 - 86*n**2 + 1568*n + 70. Calculate q(60).
550
Let t(s) = -s**3 - 18*s**2 + 4752*s + 5614. Determine t(-78).
-2
Let u(b) = -10077*b - 30755. Give u(-3).
-524
Let v(y) = -2*y**3 - 50*y**2 - 838*y - 20992. What is v(-25)?
-42
Let b(v) = v**2 - 4134*v - 20712. What is b(-5)?
-17
Let d(k) = -182445*k + 7662753. Give d(42).
63
Let d(x) = -2226*x + 35552. What is d(16)?
-64
Let t(w) = -33301*w + 266626. Determine t(8).
218
Let t(g) = 1079*g**2 + 1062816*g + 949. Determine t(-985).
-36
Let q(f) = -3039*f - 310024. What is q(-102)?
-46
Let k(n) = -3*n**2 + 705*n - 38781. Calculate k(88).
27
Let k(u) = 113*u**2 + 626*u + 145. Give k(-5).
-160
Let v(d) = -3*d**3 + 37*d**2 - 112*d + 30. Calculate v(13).
-1764
Let a(t) = -3*t**2 - 7167*t - 466727. Calculate a(-67).
-5
Let u(f) = 50*f + 3582. Calculate u(-70).
82
Let o(t) = -t**3 - 62*t**2 - 856*t - 2783. What is o(-44)?
33
Let k(m) = -14*m**3 + 23*m**2 - 43*m - 48. Calculate k(3).
-348
Let p(f) = -13*f**3 + 2199*f**2 - 368*f + 4903. What is p(169)?
-167
Let b(r) = -r**2 + 453*r - 3480. Calculate b(8).
80
Let n(c) = 11229*c - 6501589. Determine n(579).
2
Let q(b) = -b**3 - 130*b**2 + 612*b + 10140. What is q(-134)?
-44
Let z(w) = -787*w**2 + 103129*w - 4204. Give z(131).
-12
Let z(k) = -1061*k + 44568. Determine z(42).
6
Let g(a) = -4350*a - 3053694. Calculate g(-702).
6
Let o(z) = 2313*z + 117849. What is o(-51)?
-114
Let j(t) = -42*t**2 - 14091*t - 6992. Give j(-335).
43
Let t(z) = z**3 + 163*z**2 + 2920*z + 3500. What is t(-19)?
4
Let f(p) = -6*p**3 - 136*p**2 + 1170*p - 105. What is f(8)?
-2521
Let k(o) = -52180*o + 8035709. Calculate k(154).
-11
Let i(w) = 2*w**3 + 47*w**2 - 271*w - 78. What is i(-28)?
454
Let k(z) = 2542*z + 5064. Give k(-2).
-20
Let d(y) = -7*y**3 - 262*y**2 - 742*y - 5121. Calculate d(-35).
24
Let y(g) = 1900*g + 20907. Calculate y(-11).
7
Let d(k) = 2*k**3 + 5*k**2 + 17*k - 187. Determine d(-7).
-747
Let m(o) = -271*o - 483. What is m(-2)?
59
Let f(g) = -2*g**3 - 414*g**2 + 830*g - 1333. Give f(-209).
-79
Let n(p) = -p**2 + 6*p + 8807. Calculate n(-97).
-1184
Let i(g) = -3*g**2 + 404*g - 9758. Give i(28).
-798
Let w(i) = -6*i**3 - 45*i**2 + 238*i - 38. Calculate w(5).
-723
Let w(y) = -5544*y + 49913. Determine w(9).
17
Let z(u) = -17295*u - 415084. Determine z(-24).
-4
Let s(a) = -267*a + 417. What is s(2)?
-117
Let z(p) = 913*p + 103758. Calculate z(-112).
1502
Let f(b) = 9*b**3 + 18*b**2 - 79*b + 312. Determine f(6).
2430
Let p(y) = 1410*y - 200180. Determine p(142).
40
Let h(k) = k**3 + 39*k**2 - 4845*k - 1805. Give h(53).
-162
Let i(m) = m**3 - 37*m**2 + 26*m + 707. Determine i(28).
-5621
Let k(x) = 2676*x**2 - 13486*x - 4. Give k(5).
-534
Let q(d) = -7290*d - 2529664. Calculate q(-347).
-34
Let f(v) = -7*v**2 - 233*v - 1528. Calculate f(-19).
372
Let i(m) = 139*m**3 + 10425*m**2 + 35. Calculate i(-75).
35
Let b(j) = -j**2 - 4172*j - 24982. Calculate b(-6).
14
Let v(o) = 8*o**3 - 51*o**2 - 154*o + 352. Determine v(8).
-48
Let p(w) = 173*w**2 - 4864*w - 21519. Determine p(32).
-15
Let a(t) = 115*t - 4940. Give a(41).
-225
Let l(r) = -415*r**2 - 31956*r - 10. Give l(-77).
67
Let h(b) = b**3 - b**2 - 78*b + 303. Determine h(5).
13
Let p(o) = -2*o**3 + 190*o**2 + 394*o + 657. What is p(97)?
1239
Let n(c) = -389*c**2 - 27754*c + 27753. Determine n(1).
-390
Let w(m) = m**3 - 79*m**2 - 59*m - 8338. What is w(81)?
5
Let h(p) = 2*p**3 - 304*p**2 + 1775*p - 3405. What is h(146)?
-47
Let s(t) = -807479*t + 14534627. Calculate s(18).
5
Let t(d) = -5*d**3 - 72*d**2 + 44*d + 29. Give t(-15).
44
Let h(z) = -179*z - 87. Determine h(-3).
450
Let s(x) = 4891*x + 97262. What is s(-20)?
-558
Let z(d) = d**3 + 39*d**2 - 92*d + 1683. Calculate z(-42).
255
Let l(a) = 3238*a + 31103. Calculate l(-9).
1961
Let d(r) = -411*r**3 + 4*r**2 - 24*r - 20. Calculate d(-1).
419
Let j(p) = 7*p**2 + 69*p - 14006. What is j(-50)?
44
Let d(f) = 1102*f + 639162. Determine d(-580).
2
Let n(y) = 22014*y - 1849173. Determine n(84).
3
Let r(a) = 2505*a - 227950. Calculate r(91).
5
Let v(t) = -5*t**2 - 396*t + 71028. Determine v(86).
-8
Let f(m) = m**3 - 250*m**2 - 4737*m - 23308. Give f(268).
8
Let p(f) = -9313*f + 735719. What is p(79)?
-8
Let n(i) = -610*i**2 - 426*i + 422. What is n(1)?
-614
Let n(q) = 41109*q - 740105. Give n(18).
-143
Let m(z) = 89*z**2 + 203*z - 20. Determine m(-5).
1190
Let v(p) = 2*p**3 - 104*p**2 + 683*p - 58. Give v(8).
-226
Let f(w) = 5*w**2 + 1795*w + 35248. What is f(-21)?
-242
Let y(j) = 1608*j**2 + 8044*j + 23. Determine y(-5).
3
Let c(w) = 4*w**3 + 57*w**2 + 118*w - 208. Give c(-11).
67
Let j(o) = -18482*o - 334. Determine j(0).
-334
Let c(q) = 19*q**3 - 172*q**2 + 16*q + 8. Give c(9).
71
Let c(j) = -4*j**3 + 5*j**2 - 10*j + 74. Calculate c(7).
-1123
Let g(x) = -x**2 + 1138*x + 68720. Give g(-58).
-648
Let o(v) = 1486*v**2 - 1453*v + 1456. Give o(1).
1489
Let x(j) = -1244*j - 59645. Calculate x(-48).
67
Let i(d) = -d**3 - 48*d**2 - 551*d + 23. Give i(-29).
23
Let v(b) = -89*b - 12791. What is v(-144)?
25
Let x(b) = -856*b + 86338. Give x(101).
-118
Let n(c) = -5*c**3 - 290*c**2 - 20*c - 416. What is n(-58)?
744
Let f(l) = l**3 - 87*l**2 - 958*l - 7. Give f(-10).
-127
Let p(v) = v**2 - 301*v + 2461. Give p(8).
117
Let b(a) = 1734*a - 23912. Determine b(14).
364
Let l(g) = 2*g**2 - 708*g - 262162. Determine l(-226).
-2
Let j(o) = 11513*o - 92126. Give j(8).
-22
Let h(c) = -1244*c + 32345. Give h(26).
1
Let v(g) = 173527*g + 694114. Give v(-4).
6
Let d(n) = -n**3 + 30*n**2 - 49*n + 1386. What is d(30)?
-84
Let r(f) = -715*f - 342486. Determine r(-479).
-1
Let w(h) = -3*h**2 + 4120*h - 1211203. What is w(947)?
10
Let z(r) = 123*r**2 - 2720*r + 113. Give z(22).
-195
Let m(l) = -26*l**2 + 6331*l + 6332. What is m(-1)?
-25
Let y(w) = w**3 - 164*w**2 - 868*w + 3681. What is y(169)?
-206
Let g(t) = -469*t + 305772. What is g(652)?
-16
Let a(i) = -122*i**2 + 363*i + 1450. Determine a(-4).
-1954
Let m(l) = -10*l**2 - 839*l - 765. Calculate m(-83).
-18
Let c(x) = 1717*x + 8448. Calculate c(-5).
-137
Let q(l) = -l**3 + 58*l**2 - 132*l + 1036. Give q(56).
-84
Let c(r) = -1345*r**2 + 1780*r + 1778. Calculate c(-1).
-1347
Let v(b) = 70*b**3 + 21*b**2 - 314*b - 6. Determine v(2).
10
Let j(p) = p**3 - 157*p**2 - 1668*p + 9. Determine j(-10).
-11
Let g(p) = -3*p**2 + 75*p - 382. What is g(18)?
-4
Let b(t) = t**3 - 349*t**2 + 18897*t - 199. What is b(67)?
2
Let g(q) = q**2 - 442*q + 44339. Calculate g(154).
-13
Let l(q) = -773*q + 135595. Give l(175).
320
Let q(m) = 177*m - 2578. Give q(11).
-631
Let m(t) = t**2 + 70*t + 335. Determine m(-7).
-106
Let h(r) = -r**2 - 34*r - 19. Determine h(-7